74350?
7
What is the hundred millions digit of 618929959?
6
What is the tens digit of 576922157?
5
What is the thousands digit of 401475570?
5
What is the hundred thousands digit of 1111979680?
9
What is the hundreds digit of 54562821?
8
What is the hundreds digit of 168128377?
3
What is the hundred thousands digit of 1292761541?
7
What is the ten thousands digit of 28083112?
8
What is the hundred millions digit of 213786006?
2
What is the hundred thousands digit of 519152902?
1
What is the thousands digit of 57764181?
4
What is the thousands digit of 232668698?
8
What is the thousands digit of 9263610?
3
What is the hundred millions digit of 1941775127?
9
What is the hundred thousands digit of 397507990?
5
What is the billions digit of 1870737012?
1
What is the thousands digit of 594479576?
9
What is the tens digit of 14743891?
9
What is the hundred millions digit of 110978703?
1
What is the tens digit of 76834125?
2
What is the tens digit of 2769262667?
6
What is the units digit of 378603532?
2
What is the ten thousands digit of 1119768853?
6
What is the thousands digit of 34215958?
5
What is the tens digit of 823456120?
2
What is the hundred thousands digit of 39143678?
1
What is the hundreds digit of 59953761?
7
What is the hundreds digit of 1103295609?
6
What is the hundreds digit of 290228321?
3
What is the units digit of 355146335?
5
What is the hundred thousands digit of 2894701695?
7
What is the hundreds digit of 393712500?
5
What is the billions digit of 1102771603?
1
What is the thousands digit of 96325547?
5
What is the hundred millions digit of 164920052?
1
What is the hundreds digit of 285491553?
5
What is the ten thousands digit of 27951838?
5
What is the ten millions digit of 441348181?
4
What is the ten thousands digit of 612123157?
2
What is the hundreds digit of 603476651?
6
What is the tens digit of 296549967?
6
What is the millions digit of 4777024?
4
What is the hundred millions digit of 2330144433?
3
What is the thousands digit of 280991868?
1
What is the ten millions digit of 247015863?
4
What is the units digit of 219467643?
3
What is the ten millions digit of 108119761?
0
What is the hundred millions digit of 383678253?
3
What is the ten millions digit of 52963476?
5
What is the hundred thousands digit of 1209431705?
4
What is the hundred millions digit of 2214526004?
2
What is the hundreds digit of 306240174?
1
What is the millions digit of 262478802?
2
What is the units digit of 660717187?
7
What is the thousands digit of 3915263264?
3
What is the millions digit of 599073420?
9
What is the tens digit of 56139508?
0
What is the hundreds digit of 2710261403?
4
What is the tens digit of 467990263?
6
What is the tens digit of 3672506572?
7
What is the ten thousands digit of 47194257?
9
What is the hundred thousands digit of 289097826?
0
What is the tens digit of 2134897551?
5
What is the hundred thousands digit of 309370941?
3
What is the hundreds digit of 1657092346?
3
What is the hundred thousands digit of 172606845?
6
What is the units digit of 4533733?
3
What is the thousands digit of 85138475?
8
What is the hundred thousands digit of 531195628?
1
What is the hundred thousands digit of 27440856?
4
What is the hundred thousands digit of 41287813?
2
What is the ten thousands digit of 58212786?
1
What is the hundreds digit of 44895420?
4
What is the hundreds digit of 515539051?
0
What is the ten millions digit of 111844169?
1
What is the ten thousands digit of 1167680834?
8
What is the billions digit of 2297034118?
2
What is the units digit of 390091821?
1
What is the thousands digit of 245916405?
6
What is the millions digit of 67606264?
7
What is the tens digit of 102700918?
1
What is the hundreds digit of 628417162?
1
What is the units digit of 68447601?
1
What is the hundred millions digit of 1101379215?
1
What is the ten thousands digit of 1165205211?
0
What is the hundred thousands digit of 1225658906?
6
What is the millions digit of 271556166?
1
What is the ten millions digit of 291312037?
9
What is the ten millions digit of 106331273?
0
What is the ten thousands digit of 507621557?
2
What is the hundred thousands digit of 99716673?
7
What is the tens digit of 6987145515?
1
What is the ten thousands digit of 187008084?
0
What is the hundreds digit of 1866983278?
2
What is the ten millions digit of 121768223?
2
What is the millions digit of 210022283?
0
What is the ten millions digit of 2317178432?
1
What is the millions digit of 87638691?
7
What is the units digit of 1559872322?
2
What is the hundred millions digit of 176855422?
1
What is the tens digit of 388770846?
4
What is the ten millions digit of 108403755?
0
What is the tens digit of 189820207?
0
What is the millions digit of 3542226703?
2
What is the ten millions digit of 121607716?
2
What is the hundred thousands digit of 125561656?
5
What is the units digit of 4385436842?
2
What is the hundred millions digit of 2159145300?
1
What is the thousands digit of 1829773842?
3
What is the tens digit of 30008681?
8
What is the tens digit of 14182353?
5
What is the thousands digit of 178617315?
7
What is the hundred thousands digit of 4406344?
4
What is the tens digit of 146530569?
6
What is the hundred thousands digit of 21151895?
1
What is the hundreds digit of 42470063?
0
What is the ten thousands digit of 435602203?
0
What is the ten thousands digit of 10597959?
9
What is the tens digit of 1503998139?
3
What is the hundred thousands digit of 34037156?
0
What is the hundred thousands digit of 77323146?
3
What is the hundred millions digit of 630327599?
6
What is the hundred millions digit of 2450963902?
4
What is the tens digit of 472191343?
4
What is the ten millions digit of 236226140?
3
What is the ten thousands digit of 9041882363?
8
What is the ten millions digit of 407411044?
0
What is the tens digit of 73166914?
1
What is the thousands digit of 23261390?
1
What is the ten millions digit of 15186133?
1
What is the ten thousands digit of 467726349?
2
What is the tens digit of 18882824?
2
What is the ten thousands digit of 1824850743?
5
What is the ten millions digit of 112130964?
1
What is the units digit of 1873728780?
0
What is the hundred thousands digit of 4613248009?
2
What is the units digit of 87486671?
1
What is the thousands digit of 134388488?
8
What is the thousands digit of 4000953642?
3
What is the millions digit of 1617687853?
7
What is the ten millions digit of 1449185497?
4
What is the ten millions digit of 28146693?
2
What is the hundred thousands digit of 115309698?
3
What is the ten millions digit of 556877317?
5
What is the hundreds digit of 94619729?
7
What is the ten millions digit of 992684911?
9
What is the ten thousands digit of 137770633?
7
What is the ten millions digit of 1852130514?
5
What is the ten millions digit of 181964852?
8
What is the units digit of 33794633?
3
What is the units digit of 190682535?
5
What is the ten millions digit of 172829176?
7
What is the ten millions digit of 5169903543?
6
What is the millions digit of 2123218501?
3
What is the ten thousands digit of 614498746?
9
What is the thousands digit of 14678584?
8
What is the hundreds digit of 105720266?
2
What is the thousands digit of 436930075?
0
What is the units digit of 14745938?
8
What is the hundred millions digit of 442125580?
4
What is the billions digit of 2181628560?
2
What is the thousands digit of 1698112029?
2
What is the tens digit of 397000054?
5
What is the ten millions digit of 6979970961?
7
What is the units digit of 2294533192?
2
What is the hundred thousands digit of 36378239?
3
What is the hundreds digit of 171759609?
6
What is the units digit of 1965231968?
8
What is the units digit of 884709518?
8
What is the units digit of 72831962?
2
What is the units digit of 785287501?
1
What is the hundreds digit of 6976958895?
8
What is the thousands digit of 1652642820?
2
What is the units digit of 86549231?
1
What is the hundred millions digit of 1707254435?
7
What is the ten thousands digit of 90699042?
9
What is the ten millions digit of 424679935?
2
What is the thousands digit of 1144378465?
8
What is the thousands digit of 479730180?
0
What is the tens digit of 280071746?
4
What is the ten thousands digit of 1136772602?
7
What is t